{"id":1292,"date":"2026-03-24T12:24:38","date_gmt":"2026-03-24T11:24:38","guid":{"rendered":"https:\/\/chantsauvage.com\/?post_type=product&#038;p=1292"},"modified":"2026-03-24T12:31:09","modified_gmt":"2026-03-24T11:31:09","slug":"porte-cle-chant-sauvage","status":"publish","type":"product","link":"https:\/\/chantsauvage.com\/index.php\/produit\/porte-cle-chant-sauvage\/","title":{"rendered":"PORTE CL\u00c9 CHANT SAUVAGE"},"content":{"rendered":"","protected":false},"excerpt":{"rendered":"<p>Porte-cl\u00e9 \u00ab\u00a0Chant Sauvage\u00a0\u00bb \u2013 L\u2019\u00e9l\u00e9gance de la nature \u00e0 port\u00e9e de main<\/p>\n<p>Un porte-cl\u00e9 \u00e9l\u00e9gant et minimaliste, \u00e0 l\u2019image de la marque Chant Sauvage.<\/p>\n<p>Solide et l\u00e9ger, il t\u2019accompagne facilement au quotidien tout en ajoutant une touche de style \u00e0 tes cl\u00e9s ou pour offrir un cadeau plein de sens.<\/p>\n","protected":false},"featured_media":1290,"comment_status":"open","ping_status":"closed","template":"","meta":{"_et_pb_use_builder":"","_et_pb_old_content":"","_et_gb_content_width":""},"product_brand":[],"product_cat":[20],"product_tag":[],"class_list":{"0":"post-1292","1":"product","2":"type-product","3":"status-publish","4":"has-post-thumbnail","6":"product_cat-accessoire","8":"first","9":"outofstock","10":"shipping-taxable","11":"purchasable","12":"product-type-simple"},"_links":{"self":[{"href":"https:\/\/chantsauvage.com\/index.php\/wp-json\/wp\/v2\/product\/1292","targetHints":{"allow":["GET"]}}],"collection":[{"href":"https:\/\/chantsauvage.com\/index.php\/wp-json\/wp\/v2\/product"}],"about":[{"href":"https:\/\/chantsauvage.com\/index.php\/wp-json\/wp\/v2\/types\/product"}],"replies":[{"embeddable":true,"href":"https:\/\/chantsauvage.com\/index.php\/wp-json\/wp\/v2\/comments?post=1292"}],"wp:featuredmedia":[{"embeddable":true,"href":"https:\/\/chantsauvage.com\/index.php\/wp-json\/wp\/v2\/media\/1290"}],"wp:attachment":[{"href":"https:\/\/chantsauvage.com\/index.php\/wp-json\/wp\/v2\/media?parent=1292"}],"wp:term":[{"taxonomy":"product_brand","embeddable":true,"href":"https:\/\/chantsauvage.com\/index.php\/wp-json\/wp\/v2\/product_brand?post=1292"},{"taxonomy":"product_cat","embeddable":true,"href":"https:\/\/chantsauvage.com\/index.php\/wp-json\/wp\/v2\/product_cat?post=1292"},{"taxonomy":"product_tag","embeddable":true,"href":"https:\/\/chantsauvage.com\/index.php\/wp-json\/wp\/v2\/product_tag?post=1292"}],"curies":[{"name":"wp","href":"https:\/\/api.w.org\/{rel}","templated":true}]}}